{"id":6719,"date":"2021-06-01T11:25:58","date_gmt":"2021-06-01T16:25:58","guid":{"rendered":"https:\/\/villailuminadafestivales.com\/?page_id=6719"},"modified":"2021-06-01T11:41:08","modified_gmt":"2021-06-01T16:41:08","slug":"politica-de-privacidad","status":"publish","type":"page","link":"https:\/\/villailuminadafestivales.com\/?page_id=6719","title":{"rendered":"Aviso de Privacidad"},"content":{"rendered":"\n<h2><strong>AVISO DE PRIVACIDAD DE PARTICIPANTES, EXPOSITORES O ACTIVIDADES<\/strong><\/h2>\n\n\n\n<p><\/p>\n\n\n\n<p><strong><span style=\"color:#e6007e\" class=\"has-inline-color\">Identidad y domicilio del Responsable<\/span><\/strong><\/p>\n\n\n\n<p>El Responsable del tratamiento de los datos personales que usted proporcione, es Festival de Paja, con domicilio ubicado en calle 6 sur S\/N, Aer\u00f3dromo de Atlixco, CP. 7437, del Estado de Puebla.&nbsp;<\/p>\n\n\n\n<p>Para cualquier duda relacionada con la protecci\u00f3n de sus datos personales podr\u00e1 contactarnos en la direcci\u00f3n de correo electr\u00f3nico:&nbsp;&nbsp;<\/p>\n\n\n\n<p><strong><span style=\"color:#e6007e\" class=\"has-inline-color\">Datos personales y datos personales sensibles tratados por Festival de Paja<\/span><\/strong><\/p>\n\n\n\n<p>Para cumplir con las finalidades del tratamiento se\u00f1aladas en el presente Aviso de Privacidad, es necesario que Festival de Paja trate las siguientes categor\u00edas de datos personales.<br><br>&#8211; Datos de identificaci\u00f3n,<br>&#8211; Datos de Contacto;<br>&#8211; Datos sobre su relaci\u00f3n con Festival de Paja<\/p>\n\n\n\n<p>Asimismo, le informamos que, para cumplir con las finalidades se\u00f1aladas en el presente Aviso, Festival de Paja, no recabar\u00e1 ni tratar\u00e1 datos personales sensibles.<\/p>\n\n\n\n<p><strong><span style=\"color:#e6007e\" class=\"has-inline-color\">Finalidades primarias<\/span><\/strong><\/p>\n\n\n\n<p><strong>Festival de Paja<\/strong>, podr\u00e1 tratar sus datos personales para cumplir con las siguientes finalidades primarias:<\/p>\n\n\n\n<ul><li>En el caso de que seas participante del evento o actividad:<ul><li>Para registrar y gestionar su participaci\u00f3n en el evento o actividad.<\/li><li>Para la elaboraci\u00f3n de identificaciones cuando corresponda.<\/li><li>Para enviarte notificaciones o indicaciones relativas al evento o actividad en el que participar\u00e1.<\/li><li>Para realizar estad\u00edsticas para control interno.<\/li><li>Para realizar las gestiones de pago, en aquellos casos en que los eventos o actividades tengan alg\u00fan costo o bien sea un evento o actividad con causa.<\/li><li>Para llevar un registro hist\u00f3rico de tus participaciones en los eventos y\/o actividades.<\/li><li>Durante el evento o actividad, podr\u00e1 ser fotografiado y\/o video-grabado para generar materiales que se consideren pertinentes para todos los efectos promocionales e informativos del evento o actividad y podr\u00e1n ser publicados o distribuidos en el pa\u00eds o en el extranjero a trav\u00e9s de medios impresos o electr\u00f3nicos de Festival de Paja, y de terceros, incluyendo p\u00e1ginas web, redes sociales, folletos y\/o anuncios publicitarios. Asimismo, el evento o actividad podr\u00eda ser transmitido en vivo (streaming) a trav\u00e9s de redes sociales, herramientas digitales y plataformas que as\u00ed lo permiten, incluidos aquellos que permiten su reproducci\u00f3n posterior en v\u00eddeo, por lo que su informaci\u00f3n y el v\u00eddeo de su participaci\u00f3n podr\u00eda ser accesible a terceros.<\/li><li>Para compartir su informaci\u00f3n a la entidad del Gobierno Federal, Estatal o Municipal y\/u organismo intermediario, en caso de que el evento o actividad en el que participe y sea requerida&nbsp; de estos.<\/li><li>Para cumplir con obligaciones previstas en la normatividad aplicable.<\/li><\/ul><\/li><\/ul>\n\n\n\n<p>En el caso de que seas Expositor del evento o actividad:<\/p>\n\n\n\n<ul><li>Para brindarle la informaci\u00f3n necesaria en relaci\u00f3n con su participaci\u00f3n en el evento o actividad en el que participe.<\/li><li>Para hacer del conocimiento p\u00fablico su participaci\u00f3n, incluyendo la informaci\u00f3n de su trayectoria profesional.<\/li><li>Para gestionar la firma de los documentos necesarios.<\/li><li>Para realizar las gestiones de pago, en aquellos casos en que corresponda.<\/li><li>Para video grabar su participaci\u00f3n y transmitirla en vivo (incluida su retransmisi\u00f3n posterior) a trav\u00e9s de los canales digitales que considere pertinente Festival de Paja, as\u00ed como para generar materiales de promoci\u00f3n que podr\u00e1n ser publicados o distribuidos en el pa\u00eds o en el extranjero a trav\u00e9s de medios impresos o electr\u00f3nicos Festival de Paja, y\/o de terceros, incluyendo p\u00e1ginas web, redes sociales, folletos y\/o anuncios publicitarios. Asimismo, el evento o actividad podr\u00eda ser transmitido en vivo (streaming) a trav\u00e9s de redes sociales, herramientas digitales y plataformas que as\u00ed lo permiten, incluidos aquellos que permiten su reproducci\u00f3n posterior en v\u00eddeo, por lo que su informaci\u00f3n y el v\u00eddeo de su participaci\u00f3n podr\u00eda ser accesible a terceros. La autorizaci\u00f3n que nos brinda, de conformidad con la Ley Federal del Derecho de Autor, es voluntaria y gratuita.<\/li><li>Para llevar un registro hist\u00f3rico de sus participaciones.<\/li><li>Para elaboraci\u00f3n de identificaciones y\/o constancias relativas a su participaci\u00f3n.<\/li><li>Para enviarle notificaciones o indicaciones relativas al evento o actividad en el que participar\u00e1.<\/li><li>Para realizar estad\u00edsticas para control interno.<\/li><li>Para cumplir con obligaciones previstas en la normatividad aplicable.<\/li><\/ul>\n\n\n\n<p><strong><span style=\"color:#e6007e\" class=\"has-inline-color\">Finalidades secundarias<\/span><\/strong><\/p>\n\n\n\n<p>En caso de que usted lo consienta, utilizaremos sus datos personales para las siguientes finalidades secundarias:<\/p>\n\n\n\n<ul><li>Para enviarle invitaciones a eventos, actividades, programas y proyectos.<\/li><li>Para promocionar el arte lum\u00ednico, eventos recreativos y sociales.<\/li><li>Para enviarle publicidad y comunicaciones con fines de mercadotecnia o tele-marketing o compa\u00f1as financieras.<\/li><\/ul>\n\n\n\n<p>Las anteriores finalidades secundarias tienen como base de legitimaci\u00f3n su consentimiento. Lo anterior quiere decir que en cualquier momento puede oponerse a estas, o bien revocar su consentimiento.<\/p>\n\n\n\n<p>En caso de que no desee que sus datos personales se utilicen para estos fines secundarios, ind\u00edquelo a continuaci\u00f3n:<\/p>\n\n\n\n<p>&nbsp;No consiento que mis datos personales se utilicen para los siguientes fines:<\/p>\n\n\n\n[ ] Mercadotecnia o publicitaria.&nbsp;<\/p>\n\n\n\n[ ] Prospecci\u00f3n comercial.<\/p>\n\n\n\n<p>&nbsp;La negativa para el uso de sus datos personales para estas finalidades no podr\u00e1 ser un motivo para que le neguemos los servicios y productos que solicita o contrata, o los proyectos en los que participa con Festival de Paja.<\/p>\n\n\n\n<p><strong><span style=\"color:#e6007e\" class=\"has-inline-color\">Opciones y medios para limitar el uso o divulgaci\u00f3n de sus Datos Personales<\/span><\/strong><\/p>\n\n\n\n<p>Usted podr\u00e1 limitar el uso o divulgaci\u00f3n de sus datos personales en los eventos o actividades que se llevan a cabo a trav\u00e9s de herramientas y plataformas digitales, no activando la c\u00e1mara, no utilizando su imagen personal en la cuenta con la que se conecte y\/o no registrarse con su perfil (depender\u00e1 de la plataforma que se utilice para llevar a cabo el evento o actividad).<\/p>\n\n\n\n<p>Adicionalmente, usted podr\u00e1 tambi\u00e9n enviarnos su solicitud enviando un correo electr\u00f3nico a:&nbsp;&nbsp;<\/p>\n\n\n\n<p>Los requisitos para acreditar su identidad, as\u00ed como procedimiento para atender su solicitud se regir\u00e1n por los mismos criterios se\u00f1alados en nuestra p\u00e1gina de internet. En caso de que resulte procedente, se le registrar\u00e1 en el listado de exclusi\u00f3n propio de Festival de Paja.<\/p>\n\n\n\n<p><strong><span style=\"color:#e6007e\" class=\"has-inline-color\">Uso de Cookies<\/span><\/strong><\/p>\n\n\n\n<p><strong>Festival de Paja<\/strong>, utiliza varias tecnolog\u00edas para mejorar la eficiencia de la Plataforma incluyendo su experiencia cuando navega por el sitio. Las cookies son peque\u00f1as cantidades de informaci\u00f3n que se almacenan en el navegador utilizado por cada usuario para que el servidor recuerde cierta informaci\u00f3n que posteriormente pueda utilizar. Esta informaci\u00f3n permite identificarle y guardar sus preferencias personales para brindarle una mejor experiencia de navegaci\u00f3n.<\/p>\n\n\n\n<p>Le recordamos que usted puede desactivar, deshabilitar o ajustar el uso de cookies y otras tecnolog\u00edas siguiendo los procedimientos del navegador de internet que utiliza.<\/p>\n\n\n\n<ul><li>Seleccione la opci\u00f3n de \u201cconfiguraci\u00f3n\u201d o herramientas de acuerdo con su explorador.<\/li><li>Seleccione la opci\u00f3n desactivar cookies.<\/li><li>Este proceso no solo deshabilitar\u00e1 las cookies de nuestra Plataforma, sino las de todo su explorador.<\/li><\/ul>\n\n\n\n<p>Los datos personales que se pueden obtener a trav\u00e9s del uso de estas tecnolog\u00edas son los siguientes: Identificadores, nombre de usuario y contrase\u00f1as de una sesi\u00f3n; regi\u00f3n en la que se encuentra; tipo de navegador; tipo de sistema operativo; fecha y hora del inicio y final de una sesi\u00f3n; p\u00e1ginas web visitadas; b\u00fasquedas realizadas y publicidad revisada. Estas tecnolog\u00edas podr\u00e1n deshabilitarse siguiendo los procedimientos del navegador de internet que utiliza.<\/p>\n\n\n\n<p><strong><span style=\"color:#e6007e\" class=\"has-inline-color\">Cambios al Aviso de Privacidad<\/span><\/strong><\/p>\n\n\n\n<p>El presente aviso de privacidad puede sufrir modificaciones, cambios o actualizaciones derivadas de nuevos requerimientos legales; de nuestras propias necesidades por los productos o servicios que ofrecemos; de nuestras pr\u00e1cticas de privacidad; de cambios en nuestro modelo de negocio, o por otras causas.&nbsp;<\/p>\n\n\n\n<p>Nos comprometemos a mantenerlo informado sobre los cambios que pueda sufrir el presente aviso de privacidad, a trav\u00e9s de los comunicados en nuestros medios digitales, nuestra p\u00e1gina de internet o mediante cualquier medio de comunicaci\u00f3n Festival de Paja tenga con usted.<\/p>\n","protected":false},"excerpt":{"rendered":"<p>AVISO DE PRIVACIDAD DE PARTICIPANTES, EXPOSITORES O ACTIVIDADES Identidad y domicilio del Responsable El Responsable del tratamiento de los datos personales que usted proporcione, es Festival de Paja, con domicilio&#8230;<\/p>\n","protected":false},"author":1,"featured_media":0,"parent":0,"menu_order":0,"comment_status":"closed","ping_status":"closed","template":"","meta":[],"yoast_head":"<!-- This site is optimized with the Yoast SEO plugin v16.8 - https:\/\/yoast.com\/wordpress\/plugins\/seo\/ -->\n<title>Aviso de Privacidad - Villa iluminada Festivales<\/title>\n<meta name=\"robots\" content=\"index, follow, max-snippet:-1, max-image-preview:large, max-video-preview:-1\" \/>\n<link rel=\"canonical\" href=\"https:\/\/villailuminadafestivales.com\/?page_id=6719\" \/>\n<meta property=\"og:locale\" content=\"es_ES\" \/>\n<meta property=\"og:type\" content=\"article\" \/>\n<meta property=\"og:title\" content=\"Aviso de Privacidad - Villa iluminada Festivales\" \/>\n<meta property=\"og:description\" content=\"AVISO DE PRIVACIDAD DE PARTICIPANTES, EXPOSITORES O ACTIVIDADES Identidad y domicilio del Responsable El Responsable del tratamiento de los datos personales que usted proporcione, es Festival de Paja, con domicilio...\" \/>\n<meta property=\"og:url\" content=\"https:\/\/villailuminadafestivales.com\/?page_id=6719\" \/>\n<meta property=\"og:site_name\" content=\"Villa iluminada Festivales\" \/>\n<meta property=\"article:publisher\" content=\"https:\/\/www.facebook.com\/VillaIluminadaOficial\" \/>\n<meta property=\"article:modified_time\" content=\"2021-06-01T16:41:08+00:00\" \/>\n<meta name=\"twitter:card\" content=\"summary_large_image\" \/>\n<script type=\"application\/ld+json\" class=\"yoast-schema-graph\">{\"@context\":\"https:\/\/schema.org\",\"@graph\":[{\"@type\":\"Organization\",\"@id\":\"https:\/\/villailuminadafestivales.com\/#organization\",\"name\":\"Festival de paja\",\"url\":\"https:\/\/villailuminadafestivales.com\/\",\"sameAs\":[\"https:\/\/www.facebook.com\/VillaIluminadaOficial\",\"https:\/\/www.instagram.com\/villailuminadaoficial\/\",\"https:\/\/www.youtube.com\/channel\/UCYOg8D70Ld0FH86WcwzIEtw\"],\"logo\":{\"@type\":\"ImageObject\",\"@id\":\"https:\/\/villailuminadafestivales.com\/#logo\",\"inLanguage\":\"es\",\"url\":\"https:\/\/villailuminadafestivales.com\/wp-content\/uploads\/2021\/05\/FESTIVAL-DE-PAJA-FINAL-e1621550083961.png\",\"contentUrl\":\"https:\/\/villailuminadafestivales.com\/wp-content\/uploads\/2021\/05\/FESTIVAL-DE-PAJA-FINAL-e1621550083961.png\",\"width\":250,\"height\":250,\"caption\":\"Festival de paja\"},\"image\":{\"@id\":\"https:\/\/villailuminadafestivales.com\/#logo\"}},{\"@type\":\"WebSite\",\"@id\":\"https:\/\/villailuminadafestivales.com\/#website\",\"url\":\"https:\/\/villailuminadafestivales.com\/\",\"name\":\"Villa iluminada Festivales\",\"description\":\"\",\"publisher\":{\"@id\":\"https:\/\/villailuminadafestivales.com\/#organization\"},\"potentialAction\":[{\"@type\":\"SearchAction\",\"target\":{\"@type\":\"EntryPoint\",\"urlTemplate\":\"https:\/\/villailuminadafestivales.com\/?s={search_term_string}\"},\"query-input\":\"required name=search_term_string\"}],\"inLanguage\":\"es\"},{\"@type\":\"WebPage\",\"@id\":\"https:\/\/villailuminadafestivales.com\/?page_id=6719#webpage\",\"url\":\"https:\/\/villailuminadafestivales.com\/?page_id=6719\",\"name\":\"Aviso de Privacidad - Villa iluminada Festivales\",\"isPartOf\":{\"@id\":\"https:\/\/villailuminadafestivales.com\/#website\"},\"datePublished\":\"2021-06-01T16:25:58+00:00\",\"dateModified\":\"2021-06-01T16:41:08+00:00\",\"breadcrumb\":{\"@id\":\"https:\/\/villailuminadafestivales.com\/?page_id=6719#breadcrumb\"},\"inLanguage\":\"es\",\"potentialAction\":[{\"@type\":\"ReadAction\",\"target\":[\"https:\/\/villailuminadafestivales.com\/?page_id=6719\"]}]},{\"@type\":\"BreadcrumbList\",\"@id\":\"https:\/\/villailuminadafestivales.com\/?page_id=6719#breadcrumb\",\"itemListElement\":[{\"@type\":\"ListItem\",\"position\":1,\"name\":\"Portada\",\"item\":\"https:\/\/villailuminadafestivales.com\/\"},{\"@type\":\"ListItem\",\"position\":2,\"name\":\"Aviso de Privacidad\"}]}]}<\/script>\n<!-- \/ Yoast SEO plugin. -->","yoast_head_json":{"title":"Aviso de Privacidad - Villa iluminada Festivales","robots":{"index":"index","follow":"follow","max-snippet":"max-snippet:-1","max-image-preview":"max-image-preview:large","max-video-preview":"max-video-preview:-1"},"canonical":"https:\/\/villailuminadafestivales.com\/?page_id=6719","og_locale":"es_ES","og_type":"article","og_title":"Aviso de Privacidad - Villa iluminada Festivales","og_description":"AVISO DE PRIVACIDAD DE PARTICIPANTES, EXPOSITORES O ACTIVIDADES Identidad y domicilio del Responsable El Responsable del tratamiento de los datos personales que usted proporcione, es Festival de Paja, con domicilio...","og_url":"https:\/\/villailuminadafestivales.com\/?page_id=6719","og_site_name":"Villa iluminada Festivales","article_publisher":"https:\/\/www.facebook.com\/VillaIluminadaOficial","article_modified_time":"2021-06-01T16:41:08+00:00","twitter_card":"summary_large_image","schema":{"@context":"https:\/\/schema.org","@graph":[{"@type":"Organization","@id":"https:\/\/villailuminadafestivales.com\/#organization","name":"Festival de paja","url":"https:\/\/villailuminadafestivales.com\/","sameAs":["https:\/\/www.facebook.com\/VillaIluminadaOficial","https:\/\/www.instagram.com\/villailuminadaoficial\/","https:\/\/www.youtube.com\/channel\/UCYOg8D70Ld0FH86WcwzIEtw"],"logo":{"@type":"ImageObject","@id":"https:\/\/villailuminadafestivales.com\/#logo","inLanguage":"es","url":"https:\/\/villailuminadafestivales.com\/wp-content\/uploads\/2021\/05\/FESTIVAL-DE-PAJA-FINAL-e1621550083961.png","contentUrl":"https:\/\/villailuminadafestivales.com\/wp-content\/uploads\/2021\/05\/FESTIVAL-DE-PAJA-FINAL-e1621550083961.png","width":250,"height":250,"caption":"Festival de paja"},"image":{"@id":"https:\/\/villailuminadafestivales.com\/#logo"}},{"@type":"WebSite","@id":"https:\/\/villailuminadafestivales.com\/#website","url":"https:\/\/villailuminadafestivales.com\/","name":"Villa iluminada Festivales","description":"","publisher":{"@id":"https:\/\/villailuminadafestivales.com\/#organization"},"potentialAction":[{"@type":"SearchAction","target":{"@type":"EntryPoint","urlTemplate":"https:\/\/villailuminadafestivales.com\/?s={search_term_string}"},"query-input":"required name=search_term_string"}],"inLanguage":"es"},{"@type":"WebPage","@id":"https:\/\/villailuminadafestivales.com\/?page_id=6719#webpage","url":"https:\/\/villailuminadafestivales.com\/?page_id=6719","name":"Aviso de Privacidad - Villa iluminada Festivales","isPartOf":{"@id":"https:\/\/villailuminadafestivales.com\/#website"},"datePublished":"2021-06-01T16:25:58+00:00","dateModified":"2021-06-01T16:41:08+00:00","breadcrumb":{"@id":"https:\/\/villailuminadafestivales.com\/?page_id=6719#breadcrumb"},"inLanguage":"es","potentialAction":[{"@type":"ReadAction","target":["https:\/\/villailuminadafestivales.com\/?page_id=6719"]}]},{"@type":"BreadcrumbList","@id":"https:\/\/villailuminadafestivales.com\/?page_id=6719#breadcrumb","itemListElement":[{"@type":"ListItem","position":1,"name":"Portada","item":"https:\/\/villailuminadafestivales.com\/"},{"@type":"ListItem","position":2,"name":"Aviso de Privacidad"}]}]}},"_links":{"self":[{"href":"https:\/\/villailuminadafestivales.com\/index.php?rest_route=\/wp\/v2\/pages\/6719"}],"collection":[{"href":"https:\/\/villailuminadafestivales.com\/index.php?rest_route=\/wp\/v2\/pages"}],"about":[{"href":"https:\/\/villailuminadafestivales.com\/index.php?rest_route=\/wp\/v2\/types\/page"}],"author":[{"embeddable":true,"href":"https:\/\/villailuminadafestivales.com\/index.php?rest_route=\/wp\/v2\/users\/1"}],"replies":[{"embeddable":true,"href":"https:\/\/villailuminadafestivales.com\/index.php?rest_route=%2Fwp%2Fv2%2Fcomments&post=6719"}],"version-history":[{"count":6,"href":"https:\/\/villailuminadafestivales.com\/index.php?rest_route=\/wp\/v2\/pages\/6719\/revisions"}],"predecessor-version":[{"id":6730,"href":"https:\/\/villailuminadafestivales.com\/index.php?rest_route=\/wp\/v2\/pages\/6719\/revisions\/6730"}],"wp:attachment":[{"href":"https:\/\/villailuminadafestivales.com\/index.php?rest_route=%2Fwp%2Fv2%2Fmedia&parent=6719"}],"curies":[{"name":"wp","href":"https:\/\/api.w.org\/{rel}","templated":true}]}}